en 1300690 is divided by 290.
40
Calculate the remainder when 2473851 is divided by 309202.
235
What is the remainder when 8325858 is divided by 406?
16
Calculate the remainder when 35399 is divided by 1218.
77
Calculate the remainder when 5712858 is divided by 126949.
153
What is the remainder when 196775 is divided by 1593?
836
Calculate the remainder when 3583279 is divided by 7756.
7
Calculate the remainder when 15787 is divided by 978.
139
Calculate the remainder when 2173807 is divided by 2554.
353
Calculate the remainder when 680161 is divided by 34007.
21
What is the remainder when 116824142 is divided by 58412062?
18
What is the remainder when 40913 is divided by 10174?
217
What is the remainder when 5607629 is divided by 43?
42
Calculate the remainder when 200389 is divided by 100187.
15
What is the remainder when 47855905 is divided by 11?
9
Calculate the remainder when 346557469 is divided by 305.
304
Calculate the remainder when 111147 is divided by 1457.
415
What is the remainder when 1364841 is divided by 3751?
3228
What is the remainder when 1585849 is divided by 20?
9
Calculate the remainder when 5342497 is divided by 250.
247
What is the remainder when 510295 is divided by 101?
43
Calculate the remainder when 3683459 is divided by 230214.
35
What is the remainder when 1462168 is divided by 3760?
3288
What is the remainder when 1332812 is divided by 1074?
1052
Calculate the remainder when 171160 is divided by 247.
236
What is the remainder when 4629886 is divided by 420898?
8
Calculate the remainder when 3785232 is divided by 71.
9
Calculate the remainder when 1854949 is divided by 135.
49
Calculate the remainder when 1544172 is divided by 636.
600
Calculate the remainder when 231190092 is divided by 31.
28
What is the remainder when 9532299 is divided by 26?
23
Calculate the remainder when 30949 is divided by 484.
457
Calculate the remainder when 10062775 is divided by 35.
30
What is the remainder when 1742401 is divided by 1742388?
13
What is the remainder when 84033 is divided by 1162?
369
Calculate the remainder when 656018 is divided by 16818.
116
Calculate the remainder when 46429 is divided by 43238.
3191
Calculate the remainder when 216717 is divided by 272.
205
What is the remainder when 1048943 is divided by 209775?
68
Calculate the remainder when 4377109 is divided by 67.
66
What is the remainder when 44898 is divided by 22308?
282
Calculate the remainder when 3989876 is divided by 408.
44
Calculate the remainder when 4359515 is divided by 232.
3
What is the remainder when 14837258 is divided by 13084?
2
What is the remainder when 125022542 is divided by 129?
128
Calculate the remainder when 2280166 is divided by 68.
58
What is the remainder when 2717137 is divided by 197?
113
Calculate the remainder when 234899687 is divided by 78299890.
17
What is the remainder when 1310964 is divided by 102?
60
What is the remainder when 40328 is divided by 6339?
2294
What is the remainder when 409320 is divided by 3942?
3294
Calculate the remainder when 319595 is divided by 4.
3
What is the remainder when 3026610 is divided by 1008837?
99
Calculate the remainder when 215345 is divided by 1011.
2
What is the remainder when 4428727 is divided by 5434?
17
What is the remainder when 555764 is divided by 134?
66
What is the remainder when 1835758 is divided by 611905?
43
Calculate the remainder when 44803 is divided by 14920.
43
Calculate the remainder when 19027614 is divided by 21.
18
Calculate the remainder when 5305383 is divided by 353691.
18
What is the remainder when 42455657 is divided by 14?
13
What is the remainder when 165111 is divided by 32991?
156
What is the remainder when 920992 is divided by 13746?
10
What is the remainder when 117590 is divided by 98?
88
What is the remainder when 861484 is divided by 86148?
4
Calculate the remainder when 6143328 is divided by 764.
4
What is the remainder when 690696 is divided by 881?
873
What is the remainder when 38370 is divided by 9496?
386
Calculate the remainder when 175951 is divided by 1333.
1328
What is the remainder when 4576178 is divided by 183046?
28
What is the remainder when 517239 is divided by 4497?
84
Calculate the remainder when 537590842 is divided by 108.
106
What is the remainder when 76249 is divided by 25386?
91
Calculate the remainder when 2634859 is divided by 136.
131
What is the remainder when 852429 is divided by 207?
3
What is the remainder when 162547 is divided by 65?
47
Calculate the remainder when 21729253 is divided by 18.
13
Calculate the remainder when 2722218 is divided by 663.
603
What is the remainder when 27116 is divided by 405?
386
What is the remainder when 516748 is divided by 257507?
1734
What is the remainder when 361768 is divided by 39534?
5962
Calculate the remainder when 53649281 is divided by 52.
49
Calculate the remainder when 6625811 is divided by 58121.
17
What is the remainder when 3047923 is divided by 854?
851
What is the remainder when 1373766 is divided by 436?
366
What is the remainder when 29626108 is divided by 145?
143
Calculate the remainder when 13337665 is divided by 1379.
1356
What is the remainder when 4084 is divided by 1544?
996
Calculate the remainder when 3313998 is divided by 321.
315
What is the remainder when 59428268 is divided by 1846?
1836
What is the remainder when 5452169 is divided by 1090424?
49
What is the remainder when 92475 is divided by 5357?
1406
What is the remainder when 34132 is divided by 10547?
2491
What is the remainder when 40958814 is divided by 13652930?
24
Calculate the remainder when 1622068 is divided by 60074.
70
Calculate the remainder when 3127721 is divided by 290.
71
Calculate the remainder when 192988 is divided by 48193.
216
Calculate the remainder when 1044247 is divided by 388.
139
Calculate the remainder when 2319422 is divided by 2102.
916
What is the remainder when 329759 is divided by 2126?
229
What is the remainder when 340178 is divided by 2256?
1778
Calculate the remainder when 6497110 is divided by 597.
556
Calculate the remainder when 37417 is divided by 763.
30
Calculate the remainder when 9003352 is divided by 6491.
335
Calculate the remainder when 3440 is divided by 665.
115
What is the remainder when 560824 is divided by 23284?
2008
What is the remainder when 7163210 is divided by 831?
821
What is the remainder when 1830585 is divided by 305057?
243
What is the remainder when 46094422 is divided by 25?
22
What is the remainder when 281952 is divided by 1533?
1413
What is the remainder when 52988487 is divided by 1174?
1171
What is the remainder when 22369583 is divided by 110?
93
Calculate the remainder when 23987531 is divided by 1042936.
3
What is the remainder when 49484316 is divided by 3886?
3878
What is the remainder when 5247542 is divided by 18348?
14
What is the remainder when 23079206 is divided by 7693058?
32
What is the remainder when 128859057 is divided by 126?
117
Calculate the remainder when 18254238 is divided by 12801.
12
What is the remainder when 28737 is divided by 5246?
2507
Calculate the remainder when 815317 is divided by 85.
82
What is the remainder when 3131829 is divided by 391447?
253
Calculate the remainder when 893425 is divided by 12235.
270
What is the remainder when 38020576 is divided by 1148?
1112
What is the remainder when 26315850 is divided by 104844?
6
What is the remainder when 1704582 is divided by 450?
432
Calculate the remainder when 2666376 is divided by 26.
24
What is the remainder when 799820 is divided by 114249?
77
Calculate the remainder when 18076149 is divided by 6025379.
12
What is the remainder when 23099921 is divided by 181889?
18
What is the remainder when 499762 is divided by 4948?
14
Calculate the remainder when 461530 is divided by 227.
39
Calculate the remainder when 6072887 is divided by 489.
485
Calculate the remainder when 26961777 is divided by 6461.
24
Calculate the remainder when 236637 is divided by 12735.
7407
What is the remainder when 977083710 is divided by 968?
966
Calculate the remainder when 96714 is divided by 96454.
260
What is the remainder when 1489479 is divided by 54?
51
Calculate the remainder when 5198096 is divided by 1411.
1383
What is the remainder when 2400396 is divided 